s divided by 896?
349
Calculate the remainder when 87456128 is divided by 5709.
5666
What is the remainder when 1009242 is divided by 8853?
0
What is the remainder when 580902565 is divided by 788?
785
Calculate the remainder when 2577542 is divided by 743.
75
What is the remainder when 3705407 is divided by 973?
223
What is the remainder when 5741107 is divided by 277?
5
Calculate the remainder when 162293440 is divided by 229.
224
Calculate the remainder when 2875223 is divided by 530.
503
Calculate the remainder when 136163755 is divided by 632.
619
What is the remainder when 154956337 is divided by 16091?
7
What is the remainder when 1251815 is divided by 69?
17
What is the remainder when 266609 is divided by 43962?
2837
What is the remainder when 120297426 is divided by 1403?
1400
What is the remainder when 1250641 is divided by 631?
630
Calculate the remainder when 4602102 is divided by 63042.
36
What is the remainder when 149483 is divided by 12364?
1115
What is the remainder when 6035804 is divided by 688?
668
Calculate the remainder when 46593 is divided by 140.
113
What is the remainder when 9793438 is divided by 529?
61
Calculate the remainder when 46022 is divided by 14521.
2459
What is the remainder when 56772061 is divided by 11354407?
26
Calculate the remainder when 15159024 is divided by 1922.
210
Calculate the remainder when 106279 is divided by 11043.
6892
Calculate the remainder when 249372 is divided by 7334.
16
Calculate the remainder when 2219860 is divided by 1449.
1441
Calculate the remainder when 189234 is divided by 11737.
1442
What is the remainder when 87709 is divided by 21908?
77
What is the remainder when 61143649 is divided by 9?
7
Calculate the remainder when 2056429 is divided by 3018.
1171
What is the remainder when 10321791 is divided by 3440597?
0
What is the remainder when 14413998 is divided by 153?
21
Calculate the remainder when 15860 is divided by 1318.
44
What is the remainder when 52779250 is divided by 53?
48
Calculate the remainder when 5206851 is divided by 2185.
2181
What is the remainder when 15288520 is divided by 255?
250
What is the remainder when 6409574 is divided by 1525?
1524
What is the remainder when 77423259 is divided by 39?
30
Calculate the remainder when 33625 is divided by 32504.
1121
What is the remainder when 13921810 is divided by 93?
82
Calculate the remainder when 370155 is divided by 369972.
183
What is the remainder when 9684 is divided by 4833?
18
What is the remainder when 330754 is divided by 30063?
61
What is the remainder when 86350362 is divided by 6186?
6174
Calculate the remainder when 630509 is divided by 203.
194
Calculate the remainder when 764896 is divided by 211.
21
Calculate the remainder when 127866 is divided by 122.
10
Calculate the remainder when 183376 is divided by 423.
217
What is the remainder when 3544513 is divided by 590748?
25
What is the remainder when 1038495 is divided by 115380?
75
Calculate the remainder when 6846 is divided by 197.
148
What is the remainder when 4399096 is divided by 919?
762
What is the remainder when 951253 is divided by 718?
621
What is the remainder when 4170147 is divided by 1042481?
223
What is the remainder when 101540163 is divided by 12525?
12513
What is the remainder when 50417558 is divided by 453?
17
Calculate the remainder when 44444 is divided by 8792.
484
What is the remainder when 15774356 is divided by 41079?
20
What is the remainder when 1019898 is divided by 2350?
2348
What is the remainder when 12850051 is divided by 1107?
1102
What is the remainder when 25073 is divided by 22743?
2330
What is the remainder when 7002648 is divided by 1132?
96
What is the remainder when 35018135 is divided by 39?
35
Calculate the remainder when 9006730 is divided by 463.
454
What is the remainder when 58695913 is divided by 264?
1
Calculate the remainder when 131851 is divided by 129873.
1978
What is the remainder when 4203602 is divided by 1640?
282
What is the remainder when 500381 is divided by 143?
24
What is the remainder when 1243436039 is divided by 308?
307
Calculate the remainder when 24677638 is divided by 2975.
13
What is the remainder when 320295268 is divided by 15?
13
Calculate the remainder when 10999 is divided by 7908.
3091
Calculate the remainder when 268346 is divided by 3578.
3574
Calculate the remainder when 516371 is divided by 466.
43
What is the remainder when 2709239676 is divided by 1406?
1404
What is the remainder when 23343977 is divided by 5055?
5042
Calculate the remainder when 2082568 is divided by 4005.
3973
Calculate the remainder when 24679128 is divided by 84808.
0
What is the remainder when 835839 is divided by 212?
135
What is the remainder when 1200834 is divided by 441?
432
What is the remainder when 521618 is divided by 40082?
552
Calculate the remainder when 361961 is divided by 2623.
2610
What is the remainder when 17547384 is divided by 805?
799
What is the remainder when 846599 is divided by 9619?
127
What is the remainder when 5813243 is divided by 48?
11
Calculate the remainder when 3087868 is divided by 1029289.
1
Calculate the remainder when 70404756 is divided by 2746.
62
What is the remainder when 671149 is divided by 6392?
6381
What is the remainder when 518106052 is divided by 985?
977
What is the remainder when 948479 is divided by 31611?
149
Calculate the remainder when 1909742 is divided by 83032.
6
What is the remainder when 50522004 is divided by 8?
4
What is the remainder when 58604373 is divided by 109746?
9
Calculate the remainder when 333803806 is divided by 36.
34
Calculate the remainder when 61650950 is divided by 145.
140
Calculate the remainder when 664619 is divided by 10704.
971
What is the remainder when 2731740 is divided by 850?
690
Calculate the remainder when 89818 is divided by 913.
344
Calculate the remainder when 70898055 is divided by 102.
99
What is the remainder when 3425783 is divided by 2094?
2093
What is the remainder when 766697 is divided by 905?
162
Calculate the remainder when 1446168 is divided by 806.
204
Calculate the remainder when 811689 is divided by 201304.
6473
What is the remainder when 26127824 is divided by 8709253?
65
What is the remainder when 78908633 is divided by 13?
11
What is the remainder when 6236332 is divided by 7143?
493
What is the remainder when 82028 is divided by 41010?
8
Calculate the remainder when 1572999 is divided by 2913.
2892
Calculate the remainder when 97394 is divided by 3889.
169
What is the remainder when 637508 is divided by 404?
400
What is the remainder when 16152143 is divided by 145?
13
What is the remainder when 6735162 is divided by 21518?
28
Calculate the remainder when 430374 is divided by 12296.
14
Calculate the remainder when 21513174 is divided by 512218.
18
Calculate the remainder when 885249 is divided by 221261.
205
What is the remainder when 998904 is divided by 499426?
52
Calculate the remainder when 617332 is divided by 4441.
33
Calculate the remainder when 46579 is divided by 476.
407
What is the remainder when 852353 is divided by 1144?
73
What is the remainder when 343904 is divided by 14324?
128
Calculate the remainder when 22919262 is divided by 103.
11
What is the remainder when 110980420 is divided by 186?
172
Calculate the remainder when 232290 is divided by 115973.
344
Calculate the remainder when 125003095 is divided by 1157436.
7
Calculate the remainder when 92264 is divided by 22780.
1144
Calculate the remainder when 387210 is divided by 26.
18
Calculate the remainder when 21045528 is divided by 1210.
1208
What is the remainder when 17935777 is divided by 755?
752
Calculate the remainder when 149788 is divided by 64.
28
What is the remainder when 73635 is divided by 4077?
249
Calculate the remainder when 9952104 is divided by 19.
18
Calculate the remainder when 260302945 is divided by 675.
670
What is the remainder when 38052 is divided by 35?
7
Calculate the remainder when 15419957 is divided by 18.
5
Calculate the remainder when 26758 is divided by 6674.
62
Calculate the remainder when 10750 is divided by 296.
94
What is the remainder when 234967 is divided by 17?
10
Calculate the remainder when 7377368 is divided by 36.
32
What is the remainder when 154774 is divid